4. Let j(x) be the second derivative of -x**4/12 + x**2/2 + x. Let y(g) = -j(g) - m(g). Calculate y(0).
7
Let c(n) = 4*n - 9. Let h = -184 + 190. Calculate c(h).
15
Let o(j) = -1. Let f(r) = -10*r**3 - r**2 - r - 2. Let h(g) = -f(g) + 2*o(g). Determine h(-1).
-10
Let u(g) = -g**2 - 2*g - 5. Let t(k) = k**2 + k + 4. Let q(w) = -4*t(w) - 3*u(w). Give q(4).
-9
Let o(q) = -q**2 + 6*q. Let d(c) = c**3 + 8*c**2 + 8*c + 10. Let g be d(-7). Suppose -13 = -3*b - k, g + 11 = -b - 4*k. Calculate o(b).
0
Let g be ((-2)/(-6))/(1/(-3)). Let u be 2 + (1 - (-6)/g). Let i(c) = -c**2 - c - 1. Let r(f) = 7*f**2 + 7*f + 6. Let p(z) = 6*i(z) + r(z). What is p(u)?
6
Let r(u) be the second derivative of -u**4/12 - u**3/3 + 3*u**2/2 - 5*u. Give r(-3).
0
Let x(k) = -k - 2*k - 2 + 4*k - 5. Determine x(5).
-2
Let x(v) be the third derivative of v**6/120 + v**5/15 - 5*v**3/6 - v**2. Suppose 4*z - 4 = -5*j, 0*j = 4*z + 4*j. What is x(z)?
-5
Let z = 8 - 6. Let y(t) = -t**2. Calculate y(z).
-4
Let b(t) = -t**3 - 8*t**2 - 6*t. Let f(p) = -6*p - 1. Let q be f(1). Determine b(q).
-7
Let a(x) be the second derivative of -x**6/360 + x**5/40 - 7*x**4/12 - 7*x. Let f(l) be the third derivative of a(l). What is f(2)?
-1
Let t(b) = 5*b**2 + 12*b - 12. Let w(v) = -4*v**2 - 11*v + 11. Let k(a) = -3*t(a) - 4*w(a). Determine k(-8).
-8
Let w(v) be the third derivative of v**6/120 - 3*v**5/20 + 7*v**4/24 + 3*v**3/2 - 31*v**2. What is w(8)?
1
Let t(i) = -i**2 - 8*i - 7. Suppose x - 3*u = -0*x + 8, 4*x + 33 = -u. Let b be t(x). Let z(a) = -a - 4. Give z(b).
-4
Let b(r) = -r**2 - 3*r - 4. Let m be 38/(-14) + 16/(-56). Calculate b(m).
-4
Suppose -t = 2*f - f - 3, 5*f = -4*t + 15. Let p be f/(2/(-4) - 1). Let w be (p/(-4))/(2/8). Let i(n) = -2*n**2 + n + 2. What is i(w)?
-4
Let g(t) = t**3 + t**2 - t + 5. Let k be g(0). Let s = 4 - k. Let m(z) = 13*z**2 + z. Give m(s).
12
Let r = -1 + 5. Suppose -2*u + r*u = 10. Suppose 0 = u*h - 28 + 8. Let q(v) = v**2 - 4*v + 4. Determine q(h).
4
Let b be -2 + (6 - (0 - -2)). Let j = 0 - -2. Suppose -j*f = -5*u - 11, b*u + 3 = u. Let w(r) = -r**3 - 2*r**2 - 3*r - 2. Give w(f).
4
Let p(j) = 9*j**2 + j + 1. Suppose -c = 2*c - 6. Suppose -u = -3*k + 2, 4*u = c*k + 2 - 0. Let x be (5 - 2)*u/(-3). What is p(x)?
9
Let f(o) be the first derivative of o**5/120 - o**4/12 - 5*o**3/3 - 5. Let k(h) be the third derivative of f(h). What is k(5)?
3
Let h = -20 + 18. Let s(j) = -j - 2. Calculate s(h).
0
Let o(x) = x + 1 + 4*x + x - 5*x. Determine o(1).
2
Suppose -14*a = -9*a - 25. Let m(q) be the first derivative of -1/3*q**3 - 3*q**2 + 2 + a*q. Calculate m(-6).
5
Let g(c) = 2*c + 2*c + 2 - 2. Determine g(5).
20
Let n(c) = -2*c + 5*c - 4 - 2*c. Let q(r) = 2*r - 7. Let h be q(5). Let s(w) = -2*w + 7. Let b(f) = h*s(f) + 5*n(f). Give b(0).
1
Let z(m) be the first derivative of -m**2 - 33. Calculate z(6).
-12
Let n(o) = o + 1. Let m(x) = x + 1. Let u(l) = -5*m(l) + 6*n(l). Determine u(3).
4
Let c(v) = -4*v**3 - 2*v**2 + v. Suppose -5*z - 8*p + 25 = -3*p, 2*z - 4*p = 34. Suppose 2*a - n + 0*n = -1, -3*n = -z. Calculate c(a).
-5
Let z(f) = -f**2 - f - 4. Suppose 5*d + 9 = 2*d. Let l be d*(-1 - (-5 + 3)). Determine z(l).
-10
Let y(t) be the second derivative of -t**4/12 - t**2/2 - 44*t. Calculate y(3).
-10
Let u(d) = d**2 - 2*d - 2. Let m be u(2). Let n(r) = r**3 + r**2 + 2. Determine n(m).
-2
Suppose 5*d + 0*j - 58 = 4*j, 2*d - j = 22. Let n be 4/d - (-32)/20. Let l(x) = x - 2. Determine l(n).
0
Let a be -1*-1*2 - -4. Let z(v) = -v + 2. Let u be z(a). Let k(w) = -2 - 1 + 2*w - w**2 + 2*w - 9*w. Determine k(u).
1
Let s(a) = 3*a + 13. Let o(k) = -k - 1. Let d(p) = -2*o(p) - s(p). Determine d(-6).
-5
Let m be (-4)/(-8)*-2*0. Let x(z) be the second derivative of -z**3/6 + 3*z**2 + 10*z. Calculate x(m).
6
Let d(a) be the first derivative of 9*a**4/4 + a**3/3 + a**2/2 + a + 2. Let m(f) be the third derivative of f**4/24 + f**2. Let g be m(-1). Give d(g).
-8
Let f(y) = 5*y**2 - 7*y + 11. Let b(z) = z**2 - 2*z + 3. Let k(l) = 9*b(l) - 2*f(l). Suppose 0 = 5*g + 17 + 3. Calculate k(g).
5
Let v(c) be the third derivative of -c**2 + 1/3*c**3 + 0*c + 0 - 1/24*c**4. Let u(q) = q + 3. Let d be u(0). What is v(d)?
-1
Let g(h) be the third derivative of 0 - 7/6*h**3 + 6*h**2 + 1/3*h**4 - 1/60*h**5 + 0*h. Give g(6).
5
Let c = 3 - -2. Suppose 0*k = -c*k. Suppose -3*q = 12, -3*l + k - 2 = 5*q. Let z(y) = y**2 - 7*y + 2. Determine z(l).
-4
Let s(t) be the second derivative of -t**4/12 + 5*t**3/6 + t. Let l(f) = -2*f - 2. Let q be l(-4). Give s(q).
-6
Let c(s) = 5*s**2 + 0 - 3 - 4*s - 2 - s**3 + s**2. What is c(5)?
0
Let f = -161 - -159. Let u(n) = -2*n**3 + 2*n**2 + 3*n + 1. Determine u(f).
19
Let g(u) = -5*u. Let t(o) = -4*o - 2. Let v(c) = 19*c + 11. Let n(l) = -11*t(l) - 2*v(l). Let j(x) = -5*g(x) - 4*n(x). Determine j(-2).
-2
Suppose -c + 0*c - 12 = 0. Let d be (-6)/c + 1/(-2). Let v(s) = -s - 3*s + d*s + 3*s. What is v(-1)?
1
Let p = 2 + 0. Let y = 1 - p. Let o(s) = 8*s**2 - 3*s + 1. Let d(q) = 24*q**2 - 8*q + 3. Let h(g) = -4*d(g) + 11*o(g). What is h(y)?
-8
Suppose 3*r + 5 = 4*r. Suppose -3*i = 2*k + 6, 2*i + 6 = r*k - i. Let x(f) = f - 3. Calculate x(k).
-3
Suppose 2*b + 64 = 66. Let i(x) = -2*x**3 - 2*x + 1. Give i(b).
-3
Let g(n) = -3*n - 1. Suppose 2 = -2*q - 0. Let k = 3 - q. Let w be ((-2)/3)/(k/12). Determine g(w).
5
Let s = -12 - -16. Suppose 5*c + 3*b - 14 = 0, -s*c = 3*b - 0*b - 10. Let g(i) = i**2 - 3*i + 6. What is g(c)?
10
Suppose r = -1, -h - 2*h - r = -5. Let i(g) = -g**3 + 4*g**h - 1 + 1 - 3 - g. Let l(x) = -x + 1. Let m be l(-3). What is i(m)?
-7
Let w be 12/10*(-70)/21. Let m(u) = u**3 + 6*u**2 + 5*u - 4. What is m(w)?
8
Let z(l) be the third derivative of 0 + 3*l**2 - 1/6*l**3 + 0*l - 5/24*l**4. Determine z(1).
-6
Let p(l) = l. Let j(a) = 3*a. Let u(m) = j(m) - 9*p(m). Let c(b) = b**2 - 2*b + 1. Let d be c(2). Let y = -2 + d. What is u(y)?
6
Let j(g) = 2*g + 7. Let v be j(-5). Let r(d) = -d**2 - d + 2. Let x be r(v). Let c(y) = -y + 2. Give c(x).
6
Let g(a) be the second derivative of -a**5/20 + a**4/6 - 5*a. Determine g(1).
1
Let c(m) = -m**3 + 5*m**2 - 3*m. Let p(g) = g**3 - 5*g**2 + 6*g - 6. Let r be p(4). Let a be 10/r*2/5. What is c(a)?
6
Let c(t) be the second derivative of t**5/20 + t**4/2 + t**3/6 - 3*t**2 + 20*t. Calculate c(-6).
-12
Let g(b) = 2*b - 2. Let q(c) = 2*c - 1. Let m(x) = -5*g(x) + 6*q(x). Let s be ((-1)/3)/(1/(-9)). Calculate m(s).
10
Let y(g) = 4*g**3 - 5*g**2 + g - 4. Let n(j) = 7*j**3 - 10*j**2 + j - 7. Let p(w) = 3*n(w) - 5*y(w). Calculate p(5).
-11
Let k(p) = p**2 + 17*p - 40. Let g be k(-19). Let w(l) = -6*l**2 - 6*l - 6. Let z(o) = -o**2 - o - 1. Let i(m) = w(m) - 4*z(m). Give i(g).
-6
Let y(c) = -c**3 + 5*c**2 - 4*c. Let a(m) = m**3 - 4*m**2 + 3*m. Let s(t) = -5*a(t) - 4*y(t). What is s(2)?
-6
Let w(i) = 7*i**3 + 3*i**2 + 4*i + 5. Let r(m) = 6*m**3 + 2*m**2 + 3*m + 4. Let t(n) = 5*r(n) - 4*w(n). Suppose o + 3 - 2 = 0. Determine t(o).
-3
Let r(k) = -k**2 - 3*k + 3. Suppose 3*c + c - o = -11, 2*c - 5*o = -1. Calculate r(c).
3
Let l(m) = m**3 - 7*m**2 + 10*m - 11. Let f be l(5). Let y(q) = -q - 5. What is y(f)?
6
Let w(r) = 7*r - 7. Let u(z) = 4*z - 4. Let y(l) = -5*u(l) + 3*w(l). Let g(p) = p**3 + 2*p**2 - 3*p + 3. Let d be g(-3). Suppose b + d*b = 0. Calculate y(b).
-1
Let f(n) = -n**2 - 5*n. Suppose 6 = 3*p, 4*t + 5*p + 2 = t. Determine f(t).
4
Let n(t) = 42*t - 2 - 83*t + 43*t + t**2. Calculate n(-3).
1
Let f(y) be the second derivative of 1/2*y**2 + 0 - 1/3*y**3 + 1/12*y**4 + y. Determine f(3).
4
Let x(r) = 11*r**2 - 18. Let w(i) = -7*i**2 + 12. Let j(g) = 8*w(g) + 5*x(g). Suppose -2*a + 0*a = 0. Give j(a).
6
Suppose 4*d = -d - 30. Let w(n) = -2 - 4*n + 5*n + 16. Give w(d).
8
Let q(d) be the third derivative of -d**7/280 - d**6/720 - d**5/120 - d**4/24 + 6*d**2. Let u(i) be the second derivative of q(i). Give u(-1).
-9
Let w(l) be the first derivative of -1/3*l**3 - 3 - 5/2*l**2 - 4*l. Calculate w(-4).
0
Let f(b) = b**2 - 6*b + 3. Let r be f(4). Let g(p) = p. Give g(r).
-5
Let s(x) = 10*x**2 + 2*x - 13. Let h(r) = 7 - 5*r**2 + 8*r + 10*r - 19*r. Let q(u) = 11*h(u) + 6*s(u). Determine q(1).
5
Suppose 0 = -2*q + q. Let u(g) = 3*g**2 - 1. Let n be u(-1). Let s(c) = n*c + 2*c - 3*c + 5. Give s(q).
5
Let v(s) be the third derivative of s**7/